 995.
5
What is the highest common factor of 60 and 105?
15
What is the highest common divisor of 936 and 18?
18
Calculate the greatest common divisor of 1476 and 36.
36
Calculate the highest common factor of 99 and 583.
11
Calculate the greatest common factor of 4067 and 196.
49
What is the greatest common factor of 305 and 244?
61
What is the highest common divisor of 70 and 42?
14
What is the greatest common divisor of 5848 and 408?
136
What is the highest common divisor of 17 and 1037?
17
What is the highest common divisor of 42 and 30?
6
Calculate the highest common divisor of 336 and 216.
24
What is the greatest common factor of 5269 and 44?
11
What is the greatest common factor of 159 and 38001?
159
What is the highest common factor of 209 and 11?
11
What is the highest common factor of 12280 and 8?
8
What is the greatest common factor of 31 and 20491?
31
Calculate the highest common divisor of 114 and 29526.
114
Calculate the highest common factor of 1269 and 47.
47
What is the highest common divisor of 268 and 67?
67
Calculate the highest common divisor of 413 and 3776.
59
What is the highest common factor of 12 and 31980?
12
What is the greatest common factor of 46953 and 27?
27
What is the highest common divisor of 30 and 520?
10
Calculate the highest common factor of 90 and 1170.
90
What is the greatest common divisor of 200 and 8550?
50
Calculate the highest common factor of 291 and 24153.
291
What is the highest common factor of 1 and 207?
1
Calculate the greatest common factor of 4 and 2663.
1
What is the greatest common factor of 6 and 216?
6
Calculate the greatest common divisor of 484 and 4.
4
What is the greatest common factor of 98 and 343?
49
Calculate the highest common divisor of 28 and 2674.
14
What is the greatest common factor of 12566 and 122?
122
What is the greatest common divisor of 476 and 3052?
28
Calculate the highest common factor of 15 and 5.
5
What is the greatest common divisor of 80 and 64?
16
What is the greatest common divisor of 39 and 962?
13
What is the highest common divisor of 30 and 234?
6
Calculate the highest common factor of 384 and 4704.
96
Calculate the highest common divisor of 621 and 644.
23
Calculate the highest common factor of 15 and 435.
15
Calculate the highest common divisor of 6 and 96.
6
Calculate the highest common divisor of 8 and 26.
2
Calculate the greatest common divisor of 2721 and 9.
3
Calculate the greatest common divisor of 340 and 20.
20
Calculate the highest common divisor of 92 and 575.
23
Calculate the greatest common divisor of 1239 and 21.
21
What is the highest common factor of 2304 and 90?
18
What is the greatest common factor of 576 and 1872?
144
Calculate the greatest common divisor of 44 and 198.
22
Calculate the greatest common divisor of 267 and 327.
3
What is the highest common factor of 3096 and 18?
18
Calculate the highest common factor of 153 and 144.
9
What is the greatest common factor of 236 and 8378?
118
Calculate the highest common divisor of 8932 and 88.
44
Calculate the greatest common divisor of 101 and 1212.
101
Calculate the highest common factor of 120 and 1608.
24
What is the highest common divisor of 4575 and 375?
75
What is the greatest common factor of 3423 and 21?
21
What is the greatest common divisor of 3 and 1?
1
What is the highest common factor of 16 and 64?
16
Calculate the highest common divisor of 1218 and 2958.
174
Calculate the highest common factor of 2200 and 176.
88
What is the highest common factor of 30 and 2710?
10
Calculate the greatest common factor of 72 and 40.
8
Calculate the greatest common factor of 765 and 15.
15
Calculate the highest common factor of 4070 and 440.
110
Calculate the highest common factor of 96 and 108.
12
What is the highest common factor of 40 and 620?
20
What is the highest common factor of 3051 and 108?
27
What is the highest common factor of 21 and 1029?
21
Calculate the highest common divisor of 27 and 75.
3
What is the greatest common factor of 171 and 760?
19
What is the greatest common divisor of 64 and 352?
32
Calculate the highest common factor of 4736 and 152.
8
What is the highest common divisor of 3 and 760?
1
What is the greatest common factor of 354 and 84?
6
What is the greatest common factor of 21 and 37443?
21
What is the greatest common divisor of 203 and 6003?
29
What is the greatest common divisor of 87 and 464?
29
Calculate the greatest common divisor of 253 and 99.
11
What is the highest common factor of 235 and 188?
47
What is the greatest common factor of 44050 and 50?
50
What is the highest common factor of 1080 and 2360?
40
What is the greatest common factor of 800 and 1150?
50
What is the greatest common factor of 40 and 860?
20
Calculate the highest common divisor of 36 and 276.
12
Calculate the greatest common factor of 6 and 273.
3
Calculate the greatest common divisor of 213 and 61131.
213
What is the greatest common divisor of 350 and 210?
70
What is the highest common divisor of 6272 and 49?
49
What is the greatest common divisor of 940 and 80?
20
What is the greatest common divisor of 874 and 399?
19
What is the greatest common divisor of 272 and 1328?
16
What is the greatest common factor of 392 and 8?
8
What is the highest common divisor of 161 and 368?
23
What is the greatest common factor of 12 and 156?
12
What is the highest common factor of 10292 and 83?
83
Calculate the greatest common divisor of 363 and 33.
33
Calculate the greatest common factor of 3293 and 74.
37
What is the greatest common divisor of 38 and 532?
38
What is the greatest common divisor of 5 and 200?
5
What is the highest common factor of 5 and 305?
5
What is the highest common divisor of 396 and 36?
36
What is the highest common factor of 304 and 432?
16
What is the greatest common divisor of 35 and 10?
5
Calculate the highest common divisor of 18 and 1053.
9
What is the highest common factor of 3 and 768?
3
Calculate the highest common factor of 1220 and 8.
4
Calculate the greatest common divisor of 38640 and 140.
140
What is the greatest common factor of 2278 and 34?
34
What is the greatest common divisor of 142 and 213?
71
What is the greatest common factor of 85 and 15?
5
Calculate the greatest common divisor of 8 and 12.
4
What is the greatest common factor of 16498 and 584?
146
What is the highest common divisor of 136 and 374?
34
What is the greatest common factor of 161 and 345?
23
What is the greatest common divisor of 633 and 3?
3
What is the greatest common divisor of 741 and 156?
39
What is the highest common factor of 594 and 4818?
66
What is the highest common factor of 720 and 60?
60
What is the greatest common factor of 4 and 148?
4
Calculate the highest common factor of 59 and 295.
59
Calculate the greatest common divisor of 894 and 12814.
298
Calculate the greatest common factor of 55 and 66770.
55
Calculate the highest common divisor of 420 and 48.
12
What is the highest common divisor of 630 and 2580?
30
Calculate the highest common divisor of 68 and 51.
17
What is the greatest common factor of 1449 and 46?
23
Calculate the greatest common divisor of 1904 and 70.
14
Calculate the greatest common factor of 405 and 1350.
135
What is the greatest common factor of 14 and 63?
7
What is the highest common factor of 16625 and 133?
133
Calculate the greatest common factor of 2637 and 9.
9
Calculate the greatest common factor of 249 and 98853.
249
Calculate the greatest common factor of 912 and 132.
12
What is the highest common divisor of 290 and 10?
10
What is the highest common divisor of 828 and 864?
36
What is the highest common divisor of 2948 and 297?
11
What is the greatest common divisor of 65 and 845?
65
Calculate the highest common divisor of 220 and 1595.
55
What is the greatest common factor of 128 and 32?
32
Calculate the greatest common factor of 289 and 17.
17
What is the greatest common factor of 19990 and 30?
10
What is the highest common factor of 207 and 92?
23
Calculate the greatest common divisor of 118 and 64.
2
Calculate the highest common divisor of 6952 and 88.
88
Calculate the highest common factor of 70 and 224.
14
What is the highest common factor of 28360 and 40?
40
What is the greatest common divisor of 77 and 2233?
77
What is the greatest commo